NOAA-style Yearly Report from WeatherCat

 
    ANNUAL CLIMATOLOGICAL SUMMARY FOR 2018

NAME: East Dallas, TX
ELEV: 600.4 Feet  LAT: 032° 49' 34" N  LONG: -96° -45' -25" W


                    TEMPERATURE (°F), HEAT BASE 65.0, COOL BASE 65.0

                          DEP  HEAT  COOL
       MEAN  MEAN        FROM  DEG   DEG                        MAX  MAX  MIN  MIN
YR MO  MAX   MIN   MEAN  NORM  DAYS  DAYS  HI  DATE  LOW  DATE  >=89 <=32 <=32 <=0
-----------------------------------------------------------------------------------
18  1  55.9  34.6  44.6  -2.3   637     5  74.4  31  15.3   17    0    3   13    0
18  2  59.8  40.6  49.5  -2.2   450    15  78.5  15  26.5    5    0    0    7    0
18  3  74.8  52.3  62.5   2.9   165    87  88.8  24  39.2   14    0    0    0    0
18  4  75.7  50.4  62.4  -4.0   186   109  87.1   6  35.6    7    0    0    0    0
18  5  90.0  68.5  78.9   4.6     4   434  96.9  27  59.1    6   18    0    0    0
18  6  96.1  75.5  85.6   3.3     1   618 103.4  22  50.0    9   27    0    0    0
18  7  99.7  77.4  87.5   2.0     0   699 109.3  21  71.8   30   30    0    0    0
18  8  94.8  74.3  83.6  -1.1     0   389 102.5  18  68.0    1   17    0    0    0
-----------------------------------------------------------------------------------
       80.9  59.2  69.3   0.4  1443  2356 109.3   7  15.3    1   92    3   20    0


                                       PRECIPITATION (in)

               DEP.   MAX        DAYS OF RAIN
               FROM   OBS.           OVER
YR MO  TOTAL   NORM   DAY  DATE  .01  .1   1
---------------------------------------------
18  1   0.51  -1.41   0.20    7    4   2   0
18  2   7.45   4.65   2.99   20   13  10   2
18  3   3.00   0.37   1.01   28    5   5   1
18  4   0.53  -2.48   0.21    3    5   2   0
18  5   2.42  -2.83   0.73    4    6   5   0
18  6   0.37  -4.32   0.30    4    3   1   0
18  7   4.46   2.08   2.13   10    5   3   2
18  8   2.88  -0.20   0.89   18    8   6   0
---------------------------------------------
       21.62  -0.11   2.99    2   49  34   5


                                       WIND SPEED (MPH)

                        DOM
YR MO  AVG.  HI   DATE  DIR
----------------------------
18  1  0.0  12.0    7   ENE
18  2  0.1  14.0   19   ESE
18  3  0.1  22.0   16   E
18  4  0.2  17.0   13   SE
18  5  0.1  13.0    2   ESE
18  6  0.1  13.0   24   ESE
18  7  0.0  13.0   10   SE
18  8  0.0  11.0    5   S
----------------------------
       0.1  22.0    3   ESE