NOAA-style Prior Year Report from WeatherCat

 
    ANNUAL CLIMATOLOGICAL SUMMARY FOR 2017

NAME: East Dallas, TX
ELEV: 600.4 Feet  LAT: 032° 49' 34" N  LONG: -96° -45' -25" W


                    TEMPERATURE (°F), HEAT BASE 65.0, COOL BASE 65.0

                          DEP  HEAT  COOL
       MEAN  MEAN        FROM  DEG   DEG                        MAX  MAX  MIN  MIN
YR MO  MAX   MIN   MEAN  NORM  DAYS  DAYS  HI  DATE  LOW  DATE  >=89 <=32 <=32 <=0
-----------------------------------------------------------------------------------
17  1  62.0  42.0  51.0   4.1   459    26  80.4  31  15.8    7    0    1    4    0
17  2  71.4  49.9  59.7   8.0   222    72  87.6  23  35.4   25    0    0    0    0
17  3  76.3  53.9  64.4   4.8   142   125  89.9  20  38.1   14    0    0    0    0
17  4  79.9  58.3  68.3   1.8    68   167  90.1  29  46.5   27    1    0    0    0
17  5  85.2  63.4  74.0  -0.3    27   305  95.1  26  46.8    1    6    0    0    0
17  6  90.6  72.3  80.2  -2.1     0   456  98.8  23  64.8    9   19    0    0    0
17  7  96.4  75.6  85.0  -0.6     0   620 103.4  28  68.8    4   30    0    0    0
17  8  93.5  74.9  82.8  -1.9     0   553 103.6  12  69.5   30   26    0    0    0
17  9  91.5  68.3  78.8  -1.2     6   420  98.4  20  57.0    7   19    0    0    0
17 10  82.4  56.9  68.2  -0.8   122   221  96.0   9  35.2   28    6    0    0    0
17 11  71.9  51.7  60.8   3.5   201    77  92.5   2  37.0   23    2    0    0    0
17 12  58.4  40.1  48.3  -1.0   537    20  80.1   4  22.2   31    0    0    3    0
-----------------------------------------------------------------------------------
       80.0  58.9  68.5   1.2  1784  3064 103.6   8  15.8    1  109    1    7    0


                                       PRECIPITATION (in)

               DEP.   MAX        DAYS OF RAIN
               FROM   OBS.           OVER
YR MO  TOTAL   NORM   DAY  DATE  .01  .1   1
---------------------------------------------
17  1   2.54   0.62   1.42   15    9   4   1
17  2   2.07  -0.73   1.05   14    3   3   1
17  3   1.39  -1.24   0.82   29    6   2   0
17  4   2.19  -0.82   0.78   17    9   4   0
17  5   1.36  -3.89   0.37   22    6   6   0
17  6  11.41   6.72   3.60    2    9   9   5
17  7   3.94   1.56   0.99    8    9   9   0
17  8   5.60   2.53   1.78   14   12   5   2
17  9   1.39  -0.31   0.92   27    3   3   0
17 10   1.64  -2.04   0.89   22    6   3   0
17 11   1.06  -1.61   1.04    8    1   1   1
17 12   4.37   1.40   2.90   19    6   4   1
---------------------------------------------
       38.96   0.04   3.60    6   79  53  11


                                       WIND SPEED (MPH)

                        DOM
YR MO  AVG.  HI   DATE  DIR
----------------------------
17  1  0.4  15.0   10   ESE
17  2  0.5  17.0   23   E
17  3  0.4  19.0    6   E
17  4  0.5  17.0   29   ESE
17  5  0.5  15.0   25   ESE
17  6  0.3  11.0   10   E
17  7  0.3  11.0    3   E
17  8  0.2  10.0    5   E
17  9  0.2  10.0   14   E
17 10  0.2  11.0   14   E
17 11  0.0  11.0   17   WSW
17 12  0.0   9.0    3   S
----------------------------
       0.3  19.0    3   ESE