NOAA-style Prior Month Report from WeatherCat

 
    MONTHLY CLIMATOLOGICAL SUMMARY FOR Jul 2018

NAME: East Dallas, TX
ELEV: 600.4 Feet  LAT: 032° 49' 34" N  LONG: -96° -45' -25" W

                                    TEMPERATURE (°F)  RAIN (in)  WIND SPEED (MPH)

                                                  HEAT     COOL              AVG                          
       MEAN                                       DEG      DEG               WIND                      DOM
DAY    TEMP    HIGH   TIME      LOW    TIME       DAYS     DAYS     RAIN     SPEED    HIGH    TIME     DIR
-------------------------------------------------------------------------------------------------------------
01     89.4   103.4   16:45     77.4   06:28       0.0     24.4     0.00      0.2      9.0    08:54    SSE
02     90.4   102.3   16:45     79.3   07:05       0.0     25.4     0.00      0.0      5.0    00:58    NE
03     90.1   103.5   16:34     78.0   06:41       0.0     25.1     0.00      0.0      9.0    21:17    E
04     83.7    93.1   16:06     76.4   06:21       0.0     18.7     0.00      0.1     12.0    21:03    SE
05     85.0    98.2   16:10     72.6   06:24       0.0     20.0     0.00      0.0      4.0    13:15    N
06     83.8    96.2   13:37     78.7   06:20       0.0     18.8     0.03      0.0      4.0    15:20    N
07     84.7    96.5   14:58     74.2   05:40       0.0     19.7     0.00      0.0      4.0    17:20    N
08     84.3    96.9   16:03     75.1   06:19       0.0     19.3     0.00      0.0      7.0    18:07    E
09     81.8    94.6   13:50     75.7   05:57       0.0     16.8     0.03      0.0      7.0    17:57    E
10     79.5    94.7   15:04     73.3   16:20       0.0     14.5     2.13      0.1     13.0    15:35    S
11     83.2    96.7   15:35     73.5   03:29       0.0     18.2     0.01      0.0      6.0    15:06    E
12     81.5    99.6   16:12     72.3   23:58       0.0     16.5     1.96      0.0      4.0    19:33    N
13     83.9    97.3   16:00     71.9   01:29       0.0     18.9     0.00      0.0      7.0    15:14    N
14     87.9    98.9   16:02     76.2   06:37       0.0     22.9     0.00      0.0      6.0    19:32    N
15     89.0    99.2   15:20     78.3   06:38       0.0     24.0     0.00      0.0      7.0    18:56    N
16     89.8   100.3   15:17     79.3   07:13       0.0     24.8     0.00      0.0      4.0    18:10    N
17     90.1   103.2   15:07     77.6   06:00       0.0     25.1     0.00      0.0      5.0    09:15    SE
18     92.3   105.0   15:36     82.5   07:37       0.0     27.3     0.00      0.0      6.0    06:14    SSE
19     94.4   108.1   16:23     82.0   06:46       0.0     29.4     0.00      0.0      6.0    08:54    SSE
20     94.2   107.7   15:58     81.0   07:16       0.0     29.2     0.00      0.0      7.0    13:35    SE
21     95.1   109.3   17:17     83.9   06:59       0.0     30.1     0.00      0.0      6.0    23:50    N
22     94.8   107.8   16:01     81.9   07:15       0.0     29.8     0.00      0.0      6.0    04:13    N
23     92.3   102.4   15:37     82.5   06:56       0.0     27.3     0.00      0.0      4.0    00:27    N
24     87.6    97.3   15:24     78.5   07:20       0.0     22.6     0.00      0.0      4.0    18:06    N
25     87.6    99.7   16:52     74.3   06:35       0.0     22.6     0.00      0.0      4.0    10:59    N
26     89.9   102.2   14:57     76.6   06:50       0.0     24.9     0.00      0.0      3.0    16:00    N
27     89.1    96.6   15:25     84.6   23:58       0.0     24.1     0.00      0.0      2.0    16:02    N
28     88.0   100.4   14:53     79.2   07:11       0.0     23.0     0.00      0.0      4.0    16:01    N
29     88.4    99.4   15:52     77.6   07:00       0.0     23.4     0.00      0.0      7.0    10:10    NW
30     79.8    86.9   17:53     71.8   10:18       0.0     14.8     0.30      0.0      7.0    00:10    N
31     82.2    93.5   15:28     73.2   07:42       0.0     17.2     0.00      0.0      4.0    15:53    N
-------------------------------------------------------------------------------------------------------------
       87.5   109.3    21       71.8    30         0.0    698.9     4.46      0.0     13.0     10      SE

Max >=  90.0:  30
Max <=  32.0:  0
Min <=  32.0:  0
Min <=   0.0:  0
Max Rain:   2.13 ON 07/10/18
Days of Rain: 5 (>.01 in) 3 (>.1 in) 2 (>1 in)
Heat Base:   65.0  Cool Base:   65.0