NOAA-style Current Month Report from WeatherCat

 
    MONTHLY CLIMATOLOGICAL SUMMARY FOR Aug 2018

NAME: East Dallas, TX
ELEV: 600.4 Feet  LAT: 032° 49' 34" N  LONG: -96° -45' -25" W

                                    TEMPERATURE (°F)  RAIN (in)  WIND SPEED (MPH)

                                                  HEAT     COOL              AVG                          
       MEAN                                       DEG      DEG               WIND                      DOM
DAY    TEMP    HIGH   TIME      LOW    TIME       DAYS     DAYS     RAIN     SPEED    HIGH    TIME     DIR
-------------------------------------------------------------------------------------------------------------
01     81.2    94.1   15:52     68.0   06:01       0.0     16.2     0.00      0.0      3.0    16:07    N
02     83.4    97.1   15:44     68.6   06:10       0.0     18.4     0.00      0.0      6.0    10:53    N
03     85.0    98.0   15:40     69.9   06:25       0.0     20.0     0.00      0.0      6.0    17:15    N
04     85.6    99.0   15:32     72.3   06:51       0.0     20.6     0.00      0.0      7.0    12:45    N
05     86.8    98.9   15:29     75.5   06:59       0.0     21.8     0.00      0.0     11.0    11:19    ESE
06     88.0    98.5   15:18     77.0   06:42       0.0     23.0     0.00      0.0      6.0    23:31    N
07     88.5   100.6   16:59     77.5   07:04       0.0     23.5     0.00      0.0      8.0    12:07    N
08     85.4    93.7   11:47     79.3   05:34       0.0     20.4     0.00      0.0     11.0    08:48    N
09     83.5    97.5   16:01     74.9   10:09       0.0     18.5     0.09      0.0      6.0    12:12    S
10     76.2    84.0   17:23     71.9   10:04       0.0     11.2     0.47      0.0      6.0    11:57    N
11     74.5    78.5   13:14     71.1   08:30       0.0      9.5     0.78      0.0      7.0    04:09    N
12     77.0    87.0   17:22     72.4   03:04       0.0     12.0     0.33      0.0      6.0    16:03    N
13     77.7    86.3   13:44     73.2   05:25       0.0     12.7     0.13      0.0     10.0    13:58    SSE
14     81.6    92.8   15:44     73.0   05:51       0.0     16.6     0.18      0.0      8.0    16:03    E
15     86.5    98.1   16:05     78.0   07:09       0.0     21.5     0.00      0.1     10.0    10:03    SSE
16     87.4    98.5   15:33     78.0   06:47       0.0     22.4     0.00      0.0      8.0    13:26    NE
17     88.8    99.6   15:11     79.6   07:07       0.0     23.8     0.00      0.0      7.0    13:48    S
18     87.2   102.5   16:08     75.2   20:47       0.0     22.2     0.89      0.0      7.0    09:45    SSE
19     84.4    96.7   15:34     75.2   06:24       0.0     19.4     0.01      0.0      5.0    15:20    N
20     85.0    95.5   16:23     78.2   05:00       0.0     20.0     0.00      0.0      3.0    17:05    N
21     82.6    93.1   15:40     71.1   06:56       0.0     15.4     0.00      0.0      3.0    14:20    N
-------------------------------------------------------------------------------------------------------------
       83.6   102.5    18       68.0     1         0.0    389.1     2.88      0.0     11.0      5      S

Max >=  90.0:  17
Max <=  32.0:  0
Min <=  32.0:  0
Min <=   0.0:  0
Max Rain:   0.89 ON 08/18/18
Days of Rain: 8 (>.01 in) 6 (>.1 in) 0 (>1 in)
Heat Base:   65.0  Cool Base:   65.0